 d.
27
Suppose -10 = -5*j, 4*j + 26 - 6 = 2*z. What is the remainder when (-12)/21 + (-1875)/(-35) is divided by z?
11
Let h = -128 + 206. Suppose -v + 4*v = 3*i - h, 2*v = 3*i - 79. What is the remainder when 1 + -2 + 2 + 52 is divided by i?
26
Calculate the remainder when 136 is divided by 366/(10 - 7) - 3.
17
Suppose 0*v = 3*v - 2*h - 2, 5*h = 4*v + 2. Let k = -76 - -133. Calculate the remainder when k is divided by v/6*5*9.
12
Suppose -2684 = -35*t + 1341. Calculate the remainder when t is divided by 9.
7
Suppose -4*a = -5*x - 1241, 0 = 3*a + 3*x - 0*x - 897. Suppose -d = -5*d + a. Let k = 105 + -79. Calculate the remainder when d is divided by k.
24
Let k(w) be the third derivative of w**4/12 + 35*w**3/6 + 22*w**2. What is the remainder when (5/4)/((-1)/(-20)) is divided by k(-11)?
12
Let a(l) = 276*l + 14. What is the remainder when a(1) is divided by 74?
68
Let b(a) = -a**3 + 9*a**2 - 8*a - 1. Suppose 10*u - 53 = 7*u - 5*p, 5*p - 21 = -u. Calculate the remainder when b(6) is divided by u.
11
Suppose -q = 3*g + 90, -4*q - 4*g - 328 = -0*g. What is the remainder when 19 is divided by q/(-7) - 11/77?
8
Suppose -2*j = -4*j + 18. Let s(k) = -k + 15. Let a be s(-13). Let o = 53 - a. What is the remainder when o is divided by j?
7
Suppose 5*p - 17 + 2 = 0. Suppose 4*u + p*u - 35 = 0. What is the remainder when 6 is divided by (-1)/2*(-20)/u?
0
Let v(g) = g - 5. Let j(k) = -11 + 2*k**3 + 7 + k - 2*k**2 + k**3 - 2*k**3. Let x be j(3). What is the remainder when 7 is divided by v(x)?
1
Let g(h) = -7*h + 1. Let r be g(-1). Let n be (-2)/((r/(-54))/2). Suppose -5*j + 38 = -n. Calculate the remainder when 36 is divided by j.
10
Let f = -5 - 2. Let t(r) = -2*r - 4. Let d = -65 - -114. Calculate the remainder when d is divided by t(f).
9
Calculate the remainder when (-326)/(-6) + 12/(-36) is divided by 14.
12
Let o be (-6)/4 - (-21)/(-14). Calculate the remainder when 7*(o/(-7) + 1) is divided by 7.
3
Suppose -90 = -21*d + 15. Let m be (4/10)/(1/5). Calculate the remainder when m*-1 - -2 - -14 is divided by d.
4
What is the remainder when (-4)/(-6)*(-996)/(-24)*18 is divided by 12?
6
Let a(z) = -z**3 - 10*z**2 + 8*z - 2. Suppose -34*v + 21*v + 1599 = 0. What is the remainder when v is divided by a(-11)?
30
Let h = 92 - 73. Calculate the remainder when 123 is divided by h.
9
Suppose 2*o - 76 - 372 = b, 2*b - 888 = -4*o. What is the remainder when o is divided by 25?
23
Let g(s) = 19*s**2 - 28*s + 83. What is the remainder when g(6) is divided by 10?
9
Suppose -102*y = -88*y - 42. Let b(t) = -t. Let v be b(-3). Suppose 0 = -v*w + w + 2. What is the remainder when y is divided by w?
0
Suppose 2 + 9 = -j. Let b = 22 + j. Suppose 4*l - 4 = 12. What is the remainder when b is divided by l?
3
Let z = -41 - -46. Suppose z*v + 2 = -18, 5*v = 3*a - 272. Calculate the remainder when a is divided by 29.
26
Let m = 874 + -822. What is the remainder when 164 is divided by m?
8
Suppose -4*g = 20 + 68. Let o = 38 + -21. Calculate the remainder when (-4)/g + 548/11 is divided by o.
16
Suppose 11 = 2*d + 4*n - 11, 0 = -3*d - 5*n + 37. What is the remainder when 33 is divided by 1*d + (-25)/25?
15
Let p(w) = w**3 + 8*w**2 + 2*w - 13. Calculate the remainder when p(-7) is divided by 11.
0
Suppose -s = 6 + 13. Let z = 28 + s. Calculate the remainder when z is divided by 6.
3
Suppose -4*l - 61 = 2*q - 7*q, 3*q + l = 23. What is the remainder when 807 is divided by q?
6
Let w = -18 + 20. Calculate the remainder when w/(-3)*351/(-2) is divided by 30.
27
What is the remainder when (4 - -1)*(16 - -2) is divided by 28?
6
Suppose 180*m = 182*m - 146. What is the remainder when 134 is divided by m?
61
Suppose 10*h + 198 = 13*h. Suppose -5*z = -h - 24. What is the remainder when z is divided by 7?
4
Suppose -29*d + 35*d - 96 = 0. What is the remainder when 30 is divided by d?
14
Let d be 204/54 - ((-2)/9 - 0). Suppose 3*i - d = 2*z, i + i + 5*z = 28. Calculate the remainder when 23 is divided by i.
3
Let b(k) = k. Let i be b(1). What is the remainder when i + 16 - (-12 - -15) is divided by 5?
4
Suppose -22 = -2*k - 2*h, 2*h + 22 = 2*k - 0*h. Suppose -2*z = -6*z - w - 17, k = -2*z - 3*w. Calculate the remainder when ((-108)/16 + 2)*z is divided by 5.
4
Suppose 92 = 2*y - y. What is the remainder when y is divided by (-5)/((-2)/(-12) + (-33)/90)?
17
Suppose 6*h = -26 + 134. Calculate the remainder when h is divided by 16.
2
Let h be (-4 - 51/(-12))*0. What is the remainder when 123 - ((1 - 0) + h) is divided by 41?
40
Suppose -4*q + 5 = -3, 0 = -r - 3*q + 21. What is the remainder when 57 is divided by r?
12
Let s(n) = -2*n + 38. Let v(m) = m**2 - m + 16. What is the remainder when s(-4) is divided by v(0)?
14
Let a = 264 + -34. Suppose -8*p - 14 = -a. What is the remainder when 107 is divided by p?
26
Let n = -29 + 33. Suppose 3*v - 39 = n*b, -3*v - 2*v + 19 = b. Let w = 11 + b. Calculate the remainder when 12 is divided by w.
2
Let t(x) = 47*x - 272. What is the remainder when 191 is divided by t(7)?
20
Let u(h) = -h**3 + 10*h**2 - 7*h + 1. What is the remainder when u(9) is divided by (-2)/6 + ((-248)/6)/(-4)?
9
Let x be (3 + (-185)/(-10))/(2/(-4)). Let d = 63 + x. What is the remainder when 78 is divided by d?
18
Let q = -357 - -1139. Calculate the remainder when q is divided by 49.
47
Suppose -19*i = 19*i - 6498. Calculate the remainder when i is divided by 85.
1
Suppose -n - 1 = -i, 3*n - 3*i = 2*i - 1. Calculate the remainder when n/(-6) - (-4395)/45 is divided by 20.
18
Let v = -953 - -1002. Calculate the remainder when 281 is divided by v.
36
Let z(d) be the first derivative of -d**3/3 + 5*d**2 - 5*d - 6. Calculate the remainder when 77 is divided by z(7).
13
Let l be 7/(14/8) - 2. Suppose -4*p = -x + 29 - 142, -5*x + l*p = 565. Let a = x + 159. What is the remainder when a is divided by 12?
10
Suppose 4*j = -3*p + 140, 3*j = 2*p + 25 + 97. Suppose j = 3*r - 16. Calculate the remainder when 35 is divided by r.
17
Let m = -12 + 26. What is the remainder when ((-14)/(-28))/(4/432) is divided by m?
12
Let y(d) = 16*d + 7. Let s be y(-3). Let x = 47 + s. Calculate the remainder when 9 is divided by x.
3
Let s be 4/(-6) - 152/(-57). Suppose s*l + 78 - 144 = 0. What is the remainder when 96 is divided by l?
30
Suppose l + 2*j = j + 14, 3*j = -5*l + 66. Let b be 6/4 + (-18)/l. Let o = 46 + b. What is the remainder when o is divided by 16?
14
Let v = -22 - -25. Suppose -2*c = -2*w + 4*w - 12, -v*c + 4*w + 32 = 0. Calculate the remainder when c is divided by 3.
2
Suppose -18*o + 1915 + 4457 = 0. What is the remainder when o is divided by 21?
18
Let v(h) = 13*h**2 - h + 4. Let w be 14/35*10/8*-4. Calculate the remainder when v(w) is divided by 12.
10
Suppose -678 - 96 = -9*p. Calculate the remainder when 238 is divided by p.
66
Let r be 1*-5*(-1 - -2). Let u(f) be the third derivative of f**5/15 + f**4/6 + f**3/6 + 2*f**2 - 19*f. Calculate the remainder when u(r) is divided by 28.
25
Calculate the remainder when 23 is divided by -18*(-5)/40*4.
5
Suppose -5*y + 12144 = 64*y. What is the remainder when y is divided by 18?
14
Let h(j) = 17*j + 60. Let n be h(-5). Let a(s) = 2*s**2 + 49*s - 10. Calculate the remainder when a(n) is divided by 6.
3
Let i(r) = 161*r + 82. What is the remainder when i(1) is divided by 41?
38
Suppose -4*t + 150 + 222 = 0. Calculate the remainder when t is divided by 6.
3
Let s(f) = f**3 + 4*f**2 + 4*f + 5. Let x be s(-2). Suppose v + 5 = 0, 15 = 5*y - v - x. What is the remainder when 14 is divided by y?
2
Suppose -3*p - 2*p - 2*d + 5 = 0, -2*p - 2*d = 4. What is the remainder when 10/(-4)*((-41)/5 - -5) is divided by p?
2
Let a = 351 + -251. Calculate the remainder when a is divided by (-9 - -22) + 1 - -3.
15
Let y be -1 + -1 - (1 + -3). Suppose -2*u + 7*u - 35 = y. What is the remainder when 34 is divided by u?
6
Let a be (9/6)/((-5)/(-30)). Let p(l) = 8*l - 10. What is the remainder when p(a) is divided by 21?
20
Let t = -55 - -59. Suppose x + 46 = t*c - 3, -5*c - 5*x = -30. What is the remainder when 30 is divided by c?
8
Let j(m) = m**3 - m**2 - 8*m + 3. Calculate the remainder when 56 is divided by j(4).
18
Let o(c) = -c + 57. What is the remainder when o(10) is divided by 14 + 1 - 4/2?
8
Let r = 51 - 113. Let o = r - -74. Suppose 2*q + 103 = 5*m, 